Let v(d) be the third derivative of d**5/60 + d**4/12 + d**3/6 - 13*d**2. Let f(a) = -a**2 + 4*a + 3. Let y be f(3). Let h be (-14)/6 - y/9. Determine v(h).
4
Let q(s) = 2*s**2 - 1. Let p(t) = t**3 - 17*t**2 - 3*t. Let h(g) = p(g) + 6*q(g). Calculate h(6).
12
Let v = -65 - -63. Let p be ((-1)/v)/(-3 + 20/8). Let g(y) = -y**2 + y + 1. Determine g(p).
-1
Suppose -3*g - 2*p + 4*p = -53, 5*g = -p + 110. Let c(x) = x - 21 + 2*x**2 + g. Let k = 2 - 1. What is c(k)?
3
Let a(c) = -c**3 - 5*c**2 - c + 5. Let r = -1 - -8. Suppose b - 1 = p + 2, -3*b + p + r = 0. Suppose -3*j = 0, l + j - b*j + 5 = 0. Calculate a(l).
10
Let r be ((-82)/3)/((-2)/3). Suppose -4*x = -3*g - r, 2 + 2 = -2*g - 2*x. Let v be 7/(g/(-2)) + 3. Let l(f) = f**2 - 4*f. Give l(v).
5
Let s(n) = -n**3 - 4*n**2 - 4*n + 4. Let x(g) = 3*g**3 + 13*g**2 + 13*g - 12. Let w(j) = -8*s(j) - 3*x(j). Let b be 2/(-2)*-1 + -7. What is w(b)?
10
Suppose 0 = 5*q + f - 15, 3*f = -f. Let k be (q/(-6)*-4)/(-2). Let u(p) = -13*p. Give u(k).
13
Let f(w) be the third derivative of -w**8/10080 + w**6/360 - w**5/30 - 11*w**2. Let o(u) be the third derivative of f(u). Give o(3).
-16
Let j(v) = -3*v**2 - 25 - 36 + 3*v + 58. Let w(y) = y. Let z be w(2). Calculate j(z).
-9
Let n be 50/(-16) - 5/(-35 + -5). Let r(i) = -i**3 - 5*i**2 - 3*i - 6. Calculate r(n).
-15
Let v(t) = t - 1. Let c(z) = -z**3 + 7*z**2 - 5*z - 3. Let a be c(6). Give v(a).
2
Let l = 12 - -44. Let d be ((-1)/1 - 55)*-1. Let m(u) = -u + d - l. Determine m(-1).
1
Let z(g) = 19*g + 8. Let j(u) = -26*u - 12. Let i(d) = 5*j(d) + 7*z(d). Determine i(-2).
-10
Let m(q) = -q**3 - 3*q**2 + 4*q + 5. Let n = 0 - 2. Let y = -6 - n. Give m(y).
5
Suppose -5*o = 5*f + 30, 11*o = 7*o - 3*f - 25. Let d(i) = i**3 + 6*i**2 - 9*i. Determine d(o).
14
Let b(y) = y**3 + 318*y**2 - 629*y**2 + 11*y + 8 + 302*y**2. Calculate b(7).
-13
Let f(c) be the first derivative of c**4/12 + 3*c**3/2 + 24*c - 11. Let o(r) be the first derivative of f(r). What is o(-9)?
0
Suppose q - 7 + 3 = 0. Let t(y) = y + 5. Let f(l) = -9. Let z(k) = -k. Let h(n) = f(n) + 2*z(n). Let o(m) = 4*h(m) + 7*t(m). Calculate o(q).
-5
Let x(g) = -g. Suppose 5*b - 8 - 2 = 0. Let l = 54 - 54. Suppose m + b*m = l. What is x(m)?
0
Let m be (-22)/(-4)*(9 + -7). Let w(h) = -8*h**2 + 29*h + 5. Let k be (-13)/3 - 3/(-9). Let f(z) = -3*z**2 + 10*z + 2. Let p(d) = k*w(d) + m*f(d). Give p(-6).
2
Let r(w) = -w**3 - 7*w**2 + 8*w + 8. Suppose 5*s - 467 = -507. Determine r(s).
8
Let a(p) = -3*p**2 + p - 1. Suppose -93 + 95 = i. Give a(i).
-11
Let w = 19 + -16. Let u be ((-39)/6 - -2)*-2. Let p(h) = 7*h - 15*h - 4 + u*h. Calculate p(w).
-1
Let a(z) = -798 - 5*z**2 + 791 + 3*z**2 - 11*z. Calculate a(-7).
-28
Suppose d + 13 = 4*x, x - 22 + 20 = -d. Let u(m) = -6*m**2 + 2. What is u(d)?
-4
Suppose 50 = -3*k + 13*k. Suppose k*h = 3*m - 0*h - 22, 4*m - 2*h - 20 = 0. Let c(d) = d**3 - 4*d**2 + 5. Calculate c(m).
5
Let j(o) = 5*o**2 + 2*o - 2. Let v = -1608 + 1609. Calculate j(v).
5
Let v(x) = -x**2 - 22*x - 19. Let l be v(-20). Let w(z) = -33*z + l*z + 2 - 3. Let i be 1/(0 - 2 - -1). Determine w(i).
11
Let m(r) = -32 + 53 - 25 - 3*r + 4*r**2 + r**3 - 2*r. Let t = -4 + -1. What is m(t)?
-4
Let o(b) be the first derivative of -b**4/4 - 4*b**3 - 5*b**2 + 6*b + 27. What is o(-11)?
-5
Let c(g) = -g**2 - 5*g + 3. Let u(z) = z + 2. Let t be u(4). Suppose t*l - 3*l - 30 = 0. Suppose 5*f = -4*d - 11, 2*f = -d + 3*d + l. What is c(d)?
7
Let l(q) = q**2 - 7*q + 10. Suppose 3*i = 13*i - 40. What is l(i)?
-2
Let l(c) = -2*c - 7. Let a(p) be the second derivative of -4*p**3/3 - 29*p**2/2 + 12*p. Let r(n) = 2*a(n) - 9*l(n). Suppose 0 = 10*g - 8*g - 10. What is r(g)?
15
Let t(u) be the first derivative of u**2 - 11*u + 82. What is t(0)?
-11
Let u(f) be the second derivative of 0 - 39*f - 3*f**2 + 1/12*f**4 - 4/3*f**3. Calculate u(7).
-13
Let l(w) = 7*w**2 - 9*w - 4. Let o(c) = 3*c - 8*c**2 + 2*c**2 + 7 - 4 + 5*c. Let t(b) = -4*l(b) - 5*o(b). Give t(3).
7
Let k(i) = -i**2 + i - 2. Let l be 464/(-56) + 8 + (-9)/(-7). Suppose z + 1 = 0, z - 2*z = -4*p + l. Give k(p).
-2
Let b = 428 + -426. Let n(z) be the first derivative of 6*z - 4/3*z**3 + 2 + 1/4*z**4 - 3*z**b. Give n(5).
1
Let q(t) = t**2 + 3*t - 2. Let u be (-3 - -5)*26/(-4). Let o = -22 - u. Let i = -11 - o. Determine q(i).
-4
Let u(k) = k**2 + 8*k - 3. Let c = 79 - 83. Give u(c).
-19
Let i(g) be the first derivative of g**3/3 - 17*g**2/2 + 64*g - 202. What is i(12)?
4
Suppose -55*i + 215 = -12*i. Let l(h) = h**3 - 7*h**2 + 9*h + 7. Determine l(i).
2
Suppose 0*a = 2*a - 12. Let l(s) = 11*s + 88. Let w be l(-9). Let c = w + a. Let x(n) = n**2 + 5*n - 1. Give x(c).
-1
Let j(s) = 12*s**2 + 6*s - 10*s**2 + 2 - 3*s. Let n(f) = -f**2. Let l(a) = j(a) + 3*n(a). Determine l(6).
-16
Suppose 0 = w + 592 - 598. Let x(q) = -3*q + 21. Calculate x(w).
3
Let b be ((-4)/((-10)/5))/2. Let q(x) = -7*x - 1. Give q(b).
-8
Let v(d) = -d**3 + 6*d**2 - 2*d + 9. Let m(z) = -2*z + 5. Let u be m(-11). Suppose 26 = 4*f + s, -3*f - 2*s - 5 = -u. Determine v(f).
-3
Let h(k) = 4*k + 2. Suppose -3*o - 30 = 4*l, 5 = 2*l - 5*o + 33. What is h(l)?
-34
Let j(t) = -10*t**2 - 2*t + 1. Let y(k) = k**3 - 4*k**2 + 6*k - 8. Let w be y(3). Give j(w).
-11
Let d = 29 - 25. Let a = 2 - 2. Let f(s) = s**3 + a*s**3 - 3*s**2 + s - 3*s + 0*s. Determine f(d).
8
Let z = -229 + 341. Suppose 7*g - 3*g = z. Let x(d) = 2 + 11 - g*d + 29*d. What is x(0)?
13
Let d be (-24 - -24) + 3/(3/2). Let k(a) = -a**3 + 2*a**2 - a - 2. Calculate k(d).
-4
Let t(w) be the second derivative of -w**6/180 + w**5/60 - 13*w**4/6 - w**2 + 9*w. Let q(k) be the third derivative of t(k). Calculate q(5).
-18
Let f be (-2)/1 + 3 + 0. Let g(m) be the first derivative of 0*m + 1/2*m**2 + 27 - 7/3*m**3. Determine g(f).
-6
Let t(i) = i**2 + i + 1. Let v(a) be the second derivative of -a**5/20 + 7*a**4/12 + 4*a**3/3 + 9*a**2/2 - 11*a. Let o(j) = 5*t(j) - v(j). Calculate o(3).
-4
Let j = 35 + -61. Let b = j + 20. Let y(d) = -3*d - 3. Give y(b).
15
Let g(s) = 1 + 3*s + 34*s**2 - 65*s**2 + 29*s**2 - 2*s. Calculate g(-1).
-2
Suppose -4*s = -s + 3*g - 75, -2*g = -2*s + 54. Let y(b) = -18*b + s*b - 10*b. Calculate y(6).
-12
Let f(i) = 425*i**2 - 424*i**2 + 23 + 9. Determine f(0).
32
Suppose 0 = -o - 0*o + 2. Let a(q) = -2*q**3 + 3*q**2 - 2*q - 1. Calculate a(o).
-9
Let n(z) be the second derivative of z**4/3 + z**3/2 - z**2/2 - 253*z. Determine n(2).
21
Let f(j) = 16*j + 281. Let c be f(-17). Let g(q) = -q**3 + 10*q**2 - 9*q + 13. What is g(c)?
13
Let v(n) be the first derivative of n**5/60 - 7*n**4/24 - 7*n**2/2 + 12. Let b(k) be the second derivative of v(k). Determine b(6).
-6
Let w(u) = 5 - u + 0 + 3. Suppose 0 = 2*q - 4*x + 16, -1 = -3*q + 5*q - x. Suppose q*n + 2 = g, -4*g = -5*n - g - 6. Determine w(n).
8
Let j(l) = 24*l**3 - l - 1. Let k be 2/(3/(-5 - -11)). Suppose 0*b - 3*b + 5*w + 12 = 0, -13 = b + k*w. Calculate j(b).
-24
Let g(k) = -k**2 - 6*k + 5. Let r = -8 - -10. Suppose 0 = -5*y - r*q - 32, -8 + 30 = -3*y - 4*q. What is g(y)?
5
Let j(l) be the third derivative of l**4/8 + l**3/3 + 439*l**2. Calculate j(-7).
-19
Let p(z) = -z**2 + 2. Let y(l) = l**2 - 3*l - 1. Let s be y(4). Suppose 11 = -4*a - s*r, a + 35 = -3*a + 5*r. Determine p(a).
-23
Let v be (1 - (-15)/(-6))*108/(-81). Let n(t) = -2*t + 5. Suppose -2*b - 4 = 0, 5*b = 2*u - 7 + 1. Let m(h) = 2*h - 4. Let p(a) = u*n(a) - 3*m(a). What is p(v)?
-2
Suppose 2*v - 158 = 4*u, 4*v = 4*u + u + 205. Let a = u + 33. Let m(y) be the first derivative of -y**2 - 5*y + 1. Give m(a).
3
Let c be (3 + (-48)/14)/((-2)/7). Let y(v) be the first derivative of c*v**2 + 2*v - 1 + 1/4*v**4 - 4/3*v**3. Calculate y(3).
2
Let m = 502 + -505. Let g(z) = -z**2 - 2*z - 1. Calculate g(m).
-4
Let l(w) = -1 + 5*w + 0 - 2*w - w**2 + 3*w. Let c = -8 - -12. Determine l(c).
7
Let j be 74/37*(1 - 0). Let i(w) = -w. Let b be i(-3). Let v(k) = -j*k**b + 2*k + 0 + k**3 - 3*k - 3. Determine v(0).
-3
Let y = 7 - 4. Suppose -10 = -y*t + 2. Let k(d) = -4 - 6*d + 3 + 0 + t. What is k(4)?
-21
Let k be (-2)/(-8) - 600/96. Let v(c) = 10*c + 11 - 14 - c. Let s(d) = -5*d + 2. Let n(q) = -5*s(q) - 3*v(q). What is n(k)?
11
Let u(m) = -336*m**2 + 163*m**2 + 0*m + 3*m + 172*m**2. Suppose 4*x - 9 = w, 2*w = -0*w - 2*x + 12. Give u(w).
0
Let i(u) be the third de